ors of b.
2, 3, 5, 7
Let l be (-9217)/(-52) + 1/(-4). Let v = 256 - l. List the prime factors of v.
79
Let i be (-10)/(-6) + -2 - (-414)/27. Let m = 20 - i. What are the prime factors of m?
5
Let s = 369 + -129. Suppose -4*r - s = -6*r. List the prime factors of r.
2, 3, 5
Let z = -434 - -917. Suppose -n = -8*n + z. What are the prime factors of n?
3, 23
Let d be (-1)/(-2)*80/(-10). Let f = 16 - d. Suppose 3*o - 125 = -f. List the prime factors of o.
5, 7
Let s(v) = v + 11. Let q be s(-8). Let a be 8*(q - (3 + -4)). Suppose -a = -2*f + 2. List the prime factors of f.
17
Suppose 57*p - 50*p - 6993 = 0. List the prime factors of p.
3, 37
Let l(q) be the second derivative of 15/2*q**2 + 0 + q + 1/6*q**3. What are the prime factors of l(-7)?
2
Let a(x) = x**2 - 5*x - 3. Let q be a(5). List the prime factors of 130 - (q - -3 - 3).
7, 19
Suppose 3*l - 21 = -6. List the prime factors of (l + -7)*(0 + -2).
2
Suppose -3*n + 4*n - 9 = 0. Suppose 0 = -3*k - 0*k + 3*m + n, -4*k = 5*m + 24. List the prime factors of (0 + k)*1*-39.
3, 13
Let u(c) = -c**3 - 4*c**2 + 7*c - 6. Suppose 5 = -4*k - d, 0 = d + 3*d + 20. Suppose 6*f + 36 = -k*f. List the prime factors of u(f).
2, 3
Suppose 0 = -5*j + 4*j + 2*b + 24, 5*b + 110 = 5*j. Suppose 2*a + 4*y = 6*a - 20, -5*y - j = 0. Let m(o) = 30*o - 1. What are the prime factors of m(a)?
29
Suppose 3*c - 4*c = -5. Suppose -c*r = 4*n - 2 - 146, 0 = -2*r - n + 61. Let t = 53 - r. List the prime factors of t.
3, 7
Let w = -37 + 37. Suppose w*q - 5*q = -260. List the prime factors of q.
2, 13
Let d = 6 - 6. Suppose d = -5*q + 25, -156 = -z - 2*z + 3*q. List the prime factors of z.
3, 19
Suppose 0*y = -2*y - 14. Let t(p) = -2*p - 9. Let i be t(y). Suppose -24 + 69 = i*r. List the prime factors of r.
3
Let m(o) = -o - 1. Suppose -2*y - 25 = -4*x - 7, 0 = -2*y - x - 3. Let k be m(y). What are the prime factors of 35/(-4)*(-8)/k?
5, 7
Suppose 4*p - 3338 = -978. List the prime factors of p.
2, 5, 59
Suppose -4*i - 2*r = -5*r - 3, -i = -r. Suppose 3*v = 3*g + 279, -v - g + 108 = i*g. What are the prime factors of v?
2, 3
Suppose 0 = 3*l + j - 0*j - 434, 4*l - 579 = -j. What are the prime factors of l?
5, 29
Let m be 35/4 - (-4)/16. Let r(i) = -i**3 + 12*i**2 - 18*i + 9. What are the prime factors of r(m)?
2, 3, 5
List the prime factors of 10270/39*(-12)/(-10).
2, 79
Let h(o) = -4*o - 1. Let w be h(3). Let c be ((-3)/(-2))/(w/(-52)). List the prime factors of c/24 - (-39)/4.
2, 5
Let u(k) = -13 + 6*k**2 + 12 + 4*k**3 - 2*k**2 - 2*k. Let o be u(2). Let g = 66 - o. List the prime factors of g.
23
Suppose z + 3*z - 8 = 0. Suppose -3*y - y + 280 = z*c, c + 357 = 5*y. List the prime factors of y.
71
Let x(a) = -a**3 - a**2 - 13*a + 3. List the prime factors of x(-9).
2, 3
Let i = 973 + -154. What are the prime factors of i?
3, 7, 13
Let u = 25 + -22. Suppose 6 = u*l - 3. List the prime factors of l.
3
Let v(u) = 2*u**2 + 59*u + 23. What are the prime factors of v(11)?
2, 457
Let x be -5*12/40*-2 - -262. Let n = x - -74. What are the prime factors of n?
3, 113
Suppose 5*u - 2*f - 12 = 3*u, u + 3*f - 10 = 0. Suppose 297 = u*l - 4*l. Suppose l = 5*i + 24. What are the prime factors of i?
3, 5
Let y be (-3 - (8 + -4)) + -2. Let s = 24 - y. What are the prime factors of s?
3, 11
Suppose 2*i + 2*i = i. Suppose i = 6*y - 189 + 27. What are the prime factors of y?
3
Let u(n) = 4*n + 13. Suppose 5*g + 0*d = -3*d + 65, 10 = 2*g - 2*d. Let v be u(g). Suppose -f - 19 + v = 0. What are the prime factors of f?
2, 17
Suppose l = -40*l + 80565. List the prime factors of l.
3, 5, 131
Let j be (-2)/(-2) + (-56)/7. Let k(n) = 2*n**2 + 10*n - 3. Let g be k(j). What are the prime factors of g - (6/3 - -1)?
2, 11
Let v be (5 + 23/(-5))*(128 - -2). Suppose -5*q = 5*n - q - 179, -2*q - 33 = -n. Let b = v - n. List the prime factors of b.
17
Let v(u) = 3*u**2 - 16*u + 12. List the prime factors of v(10).
2, 19
Let g = 77 - 77. Let h(t) = -2*t + 87. What are the prime factors of h(g)?
3, 29
Let o = -309 - -626. List the prime factors of o.
317
Let v = 445 - 82. Let w = -247 + v. List the prime factors of w.
2, 29
Let j(z) be the first derivative of 22*z**3/3 + z**2/2 - z + 11. List the prime factors of j(-2).
5, 17
Let j = 630 - 316. Let k = j - 149. What are the prime factors of k?
3, 5, 11
Let l = -6549 - -9554. List the prime factors of l.
5, 601
Let p(j) = -j**2 + 6*j - 5. Let b be p(6). Let f = b + 6. Suppose -4*u = 5*w - f, w = 4*u + u - 23. List the prime factors of u.
2
Suppose 64*h - 42840 = -21*h. List the prime factors of h.
2, 3, 7
Suppose 0 = -65*x + 68*x - 1476. List the prime factors of x.
2, 3, 41
Suppose 0 = v + 4*v + 5*x - 40, 2*x - 37 = -5*v. Let c(f) = f + 12. Let w be c(v). Let s = 32 + w. List the prime factors of s.
3, 17
Suppose 14*r = 19*r - 2465. What are the prime factors of r?
17, 29
Let h(k) = k**2 - 11*k - 13. Let o be h(11). Let q = o - -134. What are the prime factors of q?
11
Suppose -p = -5*q - 0*p - 3, 0 = -5*q - 2*p - 9. Suppose 0 = -6*m + 12*m + 6. What are the prime factors of m + 20 - (q - -2)?
2, 3
Suppose -130 = -3*l + 881. List the prime factors of l.
337
Suppose 691*l - 701*l + 11750 = 0. List the prime factors of l.
5, 47
Let g(h) = 2*h**2 - 8*h - 48. What are the prime factors of g(-8)?
2, 3
Let u(r) = -83*r + 48. List the prime factors of u(-8).
2, 89
Let k = 564 + -254. What are the prime factors of k?
2, 5, 31
Let l = -13 + 28. Suppose -5*x = 5*q, 5*q = x - 19 + 25. Let a = q + l. List the prime factors of a.
2
Let v(f) = f**2 - f - 14. Suppose -4*s - 3*s - 49 = 0. List the prime factors of v(s).
2, 3, 7
Suppose -2520 = -4*k - 4*o + 2792, o = 5*k - 6658. List the prime factors of k.
11
Let a be ((-15)/10 + 1)*(-18 - 2). Let h(m) = -m**2 + 23*m + 5. What are the prime factors of h(a)?
3, 5
Let r = 508 - 275. What are the prime factors of r?
233
Suppose -2*j - 8 = -6*j. Suppose j*q = 4*f + 100 + 294, q - 197 = -2*f. List the prime factors of q.
197
Let c = -70 - -123. List the prime factors of (-2)/4*-2*c.
53
Let y(s) = -6*s - 18. Let a(t) be the third derivative of -7*t**4/24 - 19*t**3/6 - 4*t**2. Let u(h) = -3*a(h) + 4*y(h). List the prime factors of u(-11).
2, 3
Let a(k) = k + 1. Let q(n) = 16*n + 2. Let i(x) = -5*a(x) + q(x). Let t be i(7). List the prime factors of (1 + -4)*t/(-6).
37
Let p(b) = -6*b - 1. Let y be p(-4). Let k = y - 23. Suppose k = 2*s + 2*s - 44. What are the prime factors of s?
11
List the prime factors of -10 - -8 - -3 - -19.
2, 5
Let r = 3849 + -1760. What are the prime factors of r?
2089
Suppose 3 = -2*b - 11*o + 14*o, 2*b - 1 = -o. Let n be (9 - -1)/((-6)/(-3)). Suppose -2*t + 6*a - 2*a + 126 = b, n*t - 390 = -5*a. List the prime factors of t.
73
List the prime factors of 3 + -11 - -455 - -7.
2, 227
Suppose 4*h = -j + 8, 0*j = 4*j. Suppose 396 = 6*b - b - 4*w, h*b = -2*w + 162. List the prime factors of b.
2, 5
Let n be 665/(-6 + 1) - (0 - 3). Let b = -72 - n. What are the prime factors of b?
2, 29
Let r be (-3 - 42/(-12))/((-1)/4). What are the prime factors of ((-6)/12)/(1/r)*159?
3, 53
Suppose 14*u = 11*u + 5385. List the prime factors of u.
5, 359
Suppose 3*l + 13 = 70. Let g = 5 - 3. Suppose g*y = 4*f - 6, -5*y + l + 18 = 3*f. What are the prime factors of f?
2
Let b be 288/(-80) - 3/(-5). Let x(l) = 8*l**2 - 2*l - 7. Let z be x(b). Let a = z + -48. List the prime factors of a.
23
Let f be (4/3)/((-12)/324). What are the prime factors of 90/f*(-328)/10?
2, 41
Let l = 3006 - 1926. Suppose -2*d = 2*d - l. What are the prime factors of d?
2, 3, 5
Let u = 235 - 89. What are the prime factors of u?
2, 73
Let x be (-2)/8 - (-57)/4. Let q(w) = 7*w + 1. Let u be q(5). What are the prime factors of (u/x)/(21/196)?
2, 3
Suppose 4*u + 17 = 101. Let d = 29 - u. Suppose -2*r + 2*i = -0*i - d, 0 = -5*r + 3*i + 16. List the prime factors of r.
2
Let t(l) = l**2 - l + 1. Let u(p) = -2*p - 12 + 3*p - 3*p. Let f be u(-8). List the prime factors of t(f).
13
Let q = -3 - 3. Let t = 9 + q. Suppose -i = l - 0 - 21, -63 = -4*i + t*l. List the prime factors of i.
2, 3
Let z be (-1 - 1)*408/16. Let f = z - -115. List the prime factors of f.
2
Suppose j + 5*j = 0. Suppose 20 = 5*a, j*a - 3*a + 647 = 5*g. What are the prime factors of g?
127
Let p(q) = 7*q**2 + 6*q**2 - 15*q**2 - 15 + 29*q. List the prime 